{"id":563,"date":"2021-12-13T04:15:18","date_gmt":"2021-12-13T04:15:18","guid":{"rendered":"https:\/\/blockart-agency.sites.qsandbox.com\/?page_id=563"},"modified":"2026-01-22T21:03:23","modified_gmt":"2026-01-22T20:03:23","slug":"about","status":"publish","type":"page","link":"https:\/\/www.skupinakores.cz\/?page_id=563","title":{"rendered":"O n\u00e1s"},"content":{"rendered":"\n<div class=\"alignwide blockart-section blockart-section-05875b6b alignwide\"><div class=\"blockart-container-fluid\"><div class=\"blockart-section-inner\">\n<div class=\"blockart-column blockart-column-8dfdd3dd\"><div class=\"blockart-column-inner\">\n<h2 class=\"blockart-heading blockart-heading-248d44f0\">KO\u0158ES<\/h2>\n\n\n\n<p><\/p>\n\n\n\n<p class=\"blockart-paragraph blockart-paragraph-d15c6136\"><strong>U\u017e jste ve sv\u00e9m \u017eivot\u011b n\u011bkdy dosp\u011bli k z\u00e1v\u011bru,<br>\u017ee d\u011bti jsou n\u00e1padit\u011bj\u0161\u00ed, aktivn\u011bj\u0161\u00ed, schopn\u011bj\u0161\u00ed a hrav\u011bj\u0161\u00ed ne\u017e mnoz\u00ed dosp\u011bl\u00ed?<br>\u017de se s nimi d\u00e1 za\u017e\u00edt v\u00edce z\u00e1bavy?<br>\u017de vydr\u017e\u00ed v\u00edce, ne\u017e by si kdokoli mohl myslet?<\/strong><br>Skupina KO\u0158ES<br>je sdru\u017een\u00ed d\u011bt\u00ed a vedouc\u00edch, kter\u00e9 svou \u010dinnost\u00ed usiluje o smyslupln\u00e9 a zaj\u00edmav\u00e9 zapln\u011bn\u00ed voln\u00e9ho \u010dasu obou zmi\u0148ovan\u00fdch skupin lidstva.Skupina KO\u0158ES<br>jsou t\u0159i d\u011btsk\u00e9 odd\u00edly, kter\u00e9 nab\u00edzej\u00ed sv\u00fdm \u010dlen\u016fm z\u00e1bavu, hry, v\u00fdlety do p\u0159\u00edrody i mnoho nov\u00fdch znalost\u00ed a zku\u0161enost\u00ed.<\/p>\n<\/div><\/div>\n<\/div><\/div><\/div>\n\n\n\n<div class=\"blockart-section blockart-section-cd5eb939\"><div class=\"blockart-container\"><div class=\"blockart-section-inner\">\n<div class=\"blockart-column blockart-column-fccf5192\"><div class=\"blockart-column-inner\">\n<h2 class=\"blockart-heading blockart-heading-da5ec4f1\">\u010c\u00edm chceme b\u00fdt?<\/h2>\n\n\n\n<p class=\"blockart-paragraph blockart-paragraph-11dd8541\">Sna\u017e\u00edme se sv\u00fdm \u010dlen\u016fm nab\u00eddnout hodnotn\u00e9 a zaj\u00edmav\u00e9 z\u00e1\u017eitky. Na akce KO\u0158ESu se jen tak nezapom\u00edn\u00e1.Sna\u017e\u00edme se d\u011bti nau\u010dit z\u00e1kladn\u00edm znalostem o p\u0159\u00edrod\u011b, t\u00e1bornictv\u00ed a p\u0159\u00edbuzn\u00fdch oborech.Chceme, aby ka\u017ed\u00fd m\u011bl mo\u017enost vyzkou\u0161et si, co se v n\u011bm skr\u00fdv\u00e1, aby se ka\u017ed\u00fd mohl nau\u010dit b\u00fdt samostatn\u00fd a schopn\u00fd vydr\u017eet v\u0161e, co mu \u017eivot m\u016f\u017ee p\u0159ipravit.To snad nen\u00ed m\u00e1lo, ne?<\/p>\n<\/div><\/div>\n<\/div><\/div><\/div>\n\n\n\n<div class=\"blockart-section blockart-section-4a52ead7\"><div class=\"blockart-container\"><div class=\"blockart-section-inner\">\n<div class=\"blockart-column blockart-column-cb038d04\"><div class=\"blockart-column-inner\">\n<h2 class=\"blockart-heading blockart-heading-9ab57be7\">Jak vypad\u00e1 na\u0161e \u010dinnost?<\/h2>\n\n\n\n<p class=\"blockart-paragraph blockart-paragraph-7dc5b603\">Skupinu KO\u0158ES tvo\u0159\u00ed dva odd\u00edly: <a href=\"https:\/\/www.skupinakores.cz\/?page_id=1173\" data-type=\"page\" data-id=\"1173\">Pr\u00e1\u010data<\/a> pro d\u011bti od \u010dtvrt\u00e9 do osm\u00e9 t\u0159\u00eddy a <a href=\"https:\/\/www.skupinakores.cz\/?page_id=1171\" data-type=\"page\" data-id=\"1171\">Pram\u00ednek<\/a> do kter\u00e9ho chod\u00ed d\u011bti od prvn\u00ed do \u010dtvrt\u00e9 t\u0159\u00eddy.<br><br>Odd\u00edly se sch\u00e1zej\u00ed na jednu hodinu v n\u011bkter\u00fd z prvn\u00edch t\u0159\u00ed dn\u016f t\u00fddne na tzv. dru\u017einov\u00e9 sch\u016fzce. Zde se d\u011bti dozv\u011bd\u00ed, co se bude d\u00edt o v\u00edkendu, zahraj\u00ed si n\u011bjakou hru, n\u011bco se nau\u010d\u00ed. O v\u00edkendu se pak sch\u00e1z\u00ed cel\u00fd odd\u00edl na odd\u00edlov\u00e9 akci &#8212; p\u016fldenn\u00ed, celodenn\u00ed, nebo dvouap\u016fldenn\u00ed. V zim\u011b v\u0161echny t\u0159i odd\u00edly vyr\u00e1\u017eej\u00ed na t\u00fddenn\u00ed ly\u017ea\u0159sk\u00fd z\u00e1jezd. V dob\u011b letn\u00edch pr\u00e1zdnin pak celoro\u010dn\u00ed \u010dinnost ka\u017ed\u00e9ho odd\u00edlu vrchol\u00ed \u010dtrn\u00e1ctidenn\u00edm t\u00e1borem.<br><br>Skupina KO\u0158ES je sou\u010d\u00e1st\u00ed celost\u00e1tn\u00ed organizace KONDOR (Konfederace nez\u00e1visl\u00fdch &#8212; d\u011btsk\u00e1 organizace). Kondor pro n\u00e1s zaji\u0161\u0165uje zejm\u00e9na byrokracii, odd\u011bluje n\u00e1s od ministersk\u00fdch a magistr\u00e1tn\u00edch \u00fa\u0159edn\u00edk\u016f, jejich\u017e dotazn\u00edky bychom bez pomoci asi nedok\u00e1zali vyplnit ani n\u00e1hodou. Informace o KONDORu jsou <a href=\"http:\/\/kondor.info\" data-type=\"link\" data-id=\"http:\/\/kondor.info\">zde<\/a>.<br><br>Vlevo v menu si m\u016f\u017eete kliknout na odkaz na <a href=\"https:\/\/www.skupinakores.cz\/?page_id=1167\" data-type=\"page\" data-id=\"1167\">pl\u00e1n \u010dinnosti <\/a>&#8212; tam \u010dlov\u011bk nejl\u00e9pe z\u00edsk\u00e1 p\u0159edstavu, jak\u00e9 akce vlastn\u011b organizujeme.<br><br>\u010clensk\u00fd poplatek je 400 K\u010d na pololet\u00ed.<\/p>\n<\/div><\/div>\n<\/div><\/div><\/div>\n\n\n\n<div class=\"blockart-section blockart-section-d8a31c46\"><div class=\"blockart-container\"><div class=\"blockart-section-inner\">\n<div class=\"blockart-column blockart-column-997321c6\"><div class=\"blockart-column-inner\">\n<h2 class=\"blockart-heading blockart-heading-2627c2f8\">Kde\u017ee to ten KO\u0158ES je?<\/h2>\n\n\n\n<p class=\"blockart-paragraph blockart-paragraph-56ab1d8a\">M\u00e1me vlastn\u00ed klubovnu a v podstat\u011b i vlastn\u00ed lod\u011bnici, oboj\u00ed se nach\u00e1z\u00ed v centru sv\u011bta &#8212; v Praze-Mod\u0159anech. Proto do na\u0161ich odd\u00edl\u016f chod\u00ed d\u011bti p\u0159ev\u00e1\u017en\u011b z Mod\u0159an a z vesnic k Mod\u0159an\u016fm p\u0159il\u00e9haj\u00edc\u00edch.<br><br>Adresa: U spo\u0159itelny 69\/18, 143 00 Praha 12 &#8211; Mod\u0159any<br><br><\/p>\n<\/div><\/div>\n\n\n\n<div class=\"blockart-column blockart-column-470f65cb\"><div class=\"blockart-column-inner\">\n<div class=\"blockart-buttons blockart-buttons-9749a35c is-wrap is-horizontal justify-right justify-center-sm\">\n<div class=\"blockart-button blockart-button-8586a099 \"><a class=\"blockart-button-link is-custom is-style-filled\" href=\"https:\/\/mapy.cz\/s\/merosahata\" target=\"_blank\" rel=\"noopener\">Zde je mapa!<\/a><\/div>\n<\/div>\n<\/div><\/div>\n<\/div><\/div><\/div>\n","protected":false},"excerpt":{"rendered":"","protected":false},"author":1,"featured_media":0,"parent":0,"menu_order":0,"comment_status":"closed","ping_status":"closed","template":"page-templates\/pagebuilder.php","meta":{"zakra_page_container_layout":"stretched","zakra_page_sidebar_layout":"no_sidebar","zakra_remove_content_margin":true,"zakra_sidebar":"customizer","zakra_transparent_header":"customizer","zakra_logo":0,"zakra_main_header_style":"default","zakra_menu_item_color":"","zakra_menu_item_hover_color":"#000000","zakra_menu_item_active_color":"#23ab70","zakra_menu_active_style":"","zakra_page_header":true,"footnotes":""},"class_list":["post-563","page","type-page","status-publish","hentry"],"_links":{"self":[{"href":"https:\/\/www.skupinakores.cz\/index.php?rest_route=\/wp\/v2\/pages\/563","targetHints":{"allow":["GET"]}}],"collection":[{"href":"https:\/\/www.skupinakores.cz\/index.php?rest_route=\/wp\/v2\/pages"}],"about":[{"href":"https:\/\/www.skupinakores.cz\/index.php?rest_route=\/wp\/v2\/types\/page"}],"author":[{"embeddable":true,"href":"https:\/\/www.skupinakores.cz\/index.php?rest_route=\/wp\/v2\/users\/1"}],"replies":[{"embeddable":true,"href":"https:\/\/www.skupinakores.cz\/index.php?rest_route=%2Fwp%2Fv2%2Fcomments&post=563"}],"version-history":[{"count":3,"href":"https:\/\/www.skupinakores.cz\/index.php?rest_route=\/wp\/v2\/pages\/563\/revisions"}],"predecessor-version":[{"id":1201,"href":"https:\/\/www.skupinakores.cz\/index.php?rest_route=\/wp\/v2\/pages\/563\/revisions\/1201"}],"wp:attachment":[{"href":"https:\/\/www.skupinakores.cz\/index.php?rest_route=%2Fwp%2Fv2%2Fmedia&parent=563"}],"curies":[{"name":"wp","href":"https:\/\/api.w.org\/{rel}","templated":true}]}}